se -1 = -3*u - 4. Let z be b(u). Suppose 5*w = 3*w + 5*y - 7, z = 3*w - 3*y. What are the prime factors of w?
2
Let t = -14 - -16. Suppose -3*s - 21 = -l, -3*l - t*l + 4*s + 72 = 0. What are the prime factors of l?
2, 3
Let j be (-3)/12 - (-207)/12. Let k = j - 10. Suppose r - k = 5. List the prime factors of r.
2, 3
Let l = 16 - -11. List the prime factors of l.
3
Suppose -3*z = w + 5 - 1, 0 = -4*w - 2*z + 24. Let i = 1 + 2. Suppose -i*m = -2*m - w. List the prime factors of m.
2
Let l(p) = 0*p**2 - 14*p + 0*p**2 - 3*p**2 + 2. Let i(h) = 4*h**2 + 21*h - 3. Let x(s) = 5*i(s) + 7*l(s). What are the prime factors of x(4)?
11
List the prime factors of (-1)/10*-6*45.
3
Let p(w) = 2 - 3*w + 4*w - 1 - 9*w**3 + w**2. Let o be p(-1). What are the prime factors of (-56)/(-10) + 4/o?
2, 3
Let m be -1*(-1*2 - -2). Suppose 5*s = -m*s + 35. Let p = s - 4. List the prime factors of p.
3
Suppose 13 = -5*w + w + 5*j, 0 = 2*j - 10. Let g(l) = 3*l**2 - 3*l + 1. List the prime factors of g(w).
19
Suppose 5*g = n + 17, -5*g + 0 + 11 = -3*n. Let y(f) = -7*f + 1. Let i be y(0). Suppose t + i - n = 0. List the prime factors of t.
2
Suppose -6*a + a = -275. List the prime factors of a.
5, 11
Let b = -18 - -159. List the prime factors of b.
3, 47
Let y(p) = -8*p**3 + p. Let t be 1 - (0 - (-1 - 1)). Let j be y(t). Let b = -2 + j. What are the prime factors of b?
5
Let j be -1*(1/(-1) - 4). Suppose j = p - 7. List the prime factors of p.
2, 3
Suppose 5*s = s. Let h be s - (-1 - 0) - -8. What are the prime factors of (24/h)/((-4)/(-6))?
2
Let t be (0 - 1*-21) + 2. Suppose 3*b - u = t, -3*b - 3*u + 1 = -2*b. What are the prime factors of b?
7
Let t be (11/3)/((-1)/(-6)). Suppose 5*x - t = -7. Suppose 31 + 14 = x*r. What are the prime factors of r?
3, 5
Suppose b + 3 = 3*m, -m + b = -4*m - 3. Suppose 4*y + 4 - 12 = m. Suppose -2*o = 2*k - 20 - 26, 80 = 5*k - y*o. List the prime factors of k.
2, 3
Let d = -5 - -37. Suppose 0 = -5*m + 3*g + 231, 1 = -g - 1. Let r = m - d. List the prime factors of r.
13
Suppose 55 = 5*n + 5*f, 5*f = 5*n + 10 - 35. List the prime factors of n.
2
Let u(f) = 2*f - 4. Let y(a) = -a**2 - 8*a - 4. Let p = 7 + -14. Let t be y(p). List the prime factors of u(t).
2
Let q = -7 + 14. Suppose -33 = 2*r - q. Let x = 22 + r. What are the prime factors of x?
3
Let f(l) = l**2 - 4*l - 2. Let y be f(5). List the prime factors of 1/(0 + y/15).
5
Let i(m) = m**3 + m**2. Let j(t) = -5*t**3 - 8*t**2 + 2. Let b = -4 - -5. Let h(v) = b*j(v) + 6*i(v). List the prime factors of h(2).
2
Let s(f) = 64*f + 7. List the prime factors of s(2).
3, 5
Suppose -3*u + 18 = 2*q - 18, 3*u - 2*q = 36. Suppose 2*g - u = -f + 14, 4*f = 2*g - 16. What are the prime factors of g?
2, 3
List the prime factors of 2/(4/50) + 1.
2, 13
Let b(n) = n**3 - n**2 + 2*n - 1. Let k be b(2). Suppose 28 = x + 3*x + 4*u, 3*x - 4*u + k = 0. Suppose -4*m = -x*m - 12. What are the prime factors of m?
2, 3
Let j(o) = -19*o - 8. Let q(w) = 18*w + 9. Let g(n) = -5*j(n) - 6*q(n). List the prime factors of g(-4).
2, 19
What are the prime factors of (-21)/(1 + -4 + 2)?
3, 7
Let m = -42 + 95. Suppose -17 = -t + m. Suppose -5*s + 0 = -t. What are the prime factors of s?
2, 7
Suppose -12*x + 11*x = -3. Let g(u) = 5*u + 4. List the prime factors of g(x).
19
Let g(a) = -43*a**3 - a - 1. What are the prime factors of g(-1)?
43
Let t be (6/(-10))/((-24)/80). Let u(x) be the second derivative of x**3/3 + x**2 - x. List the prime factors of u(t).
2, 3
Let n = -21 - -37. Suppose 6*y - n = 2*y + 4*b, 0 = -2*b + 10. What are the prime factors of y?
3
Suppose -17 = -q + 1. What are the prime factors of (-4)/q + 384/27?
2, 7
Let z be 4 - (-4)/(-8)*0. What are the prime factors of 24/9 - z/6?
2
Suppose -2*g + u + 24 - 102 = 0, 0 = 3*u - 12. What are the prime factors of g/(-7) - 2/7?
5
Let p be (-2 - -207)*(-12)/10. Suppose j - 4*j = -6. What are the prime factors of p/(-21) + j/7?
2, 3
Suppose -g - g + 6 = 0. Suppose g*c - 5*c = -50. List the prime factors of c.
5
Let y(p) = -p**2 + 25*p + 45. List the prime factors of y(12).
3, 67
Let p = 12 - 2. Suppose 0 = 2*k + 4*u + p, k - 2*u - 23 = -4*k. What are the prime factors of k?
3
Suppose 3*z - 20 = -5. Suppose -3*k = z*n - 23 + 7, -2*k - 4 = -4*n. Suppose t + 24 = 4*t + n*o, -5 = t + 5*o. List the prime factors of t.
2, 5
Suppose -45 = -4*g + 51. Let p = 45 - g. Suppose q - p = -3*b + 16, 2*q - 41 = -3*b. List the prime factors of b.
11
Suppose 4*o - 3*d = -45, 0 = 2*d + 9 + 1. Let b be -5*((-21)/o - 1). What are the prime factors of 92/8 + (-1)/b?
2, 3
Let s(l) be the third derivative of 3*l**2 - 1/6*l**3 + 7/60*l**5 + 0*l**4 + 0*l + 0. List the prime factors of s(-1).
2, 3
Suppose b - 12 = -z, -5*z = -4*b - z + 80. What are the prime factors of b?
2
Let q = -75 - -146. List the prime factors of q.
71
Let w be (1 - 2) + 2 - -25. Suppose 0 = -62*i + 64*i. Suppose -3*r - w + 83 = i. List the prime factors of r.
19
Let k = 12 + -9. List the prime factors of 1/k*(15 + -9).
2
Let a = 284 - 113. What are the prime factors of a?
3, 19
Let s(m) = 13*m**2 - 5*m + 7. What are the prime factors of s(3)?
109
List the prime factors of (-1224)/(-156) + (-2)/(-13).
2
Let t = -7 - 2. List the prime factors of (t/(-6))/((-12)/(-80)).
2, 5
Suppose 5*d = 3*x + x - 32, -4*x + 12 = 0. Let k(n) = -6 + 5 - 3*n - n - n. List the prime factors of k(d).
19
What are the prime factors of (2 - -1)*16/3?
2
Suppose r = -5*r + 1002. What are the prime factors of r?
167
Suppose 8*k - 234 = -82. List the prime factors of k.
19
Let u = 9 - 5. Let m be ((-6)/u)/(6/(-16)). Suppose 0 = 2*l - m*l + 10. List the prime factors of l.
5
Let o = -5 + 7. Suppose -o*w - 28 = -76. Suppose -w = -0*r - 2*r. What are the prime factors of r?
2, 3
Suppose -5*u + 0*u + 260 = 0. Suppose 3*w - u = -1. What are the prime factors of w?
17
Suppose 2*o = 3*j + 297, 4*o - 2*j - 2*j - 592 = 0. List the prime factors of o.
3, 7
What are the prime factors of (0 - (-2)/(-1))*(7 + -204)?
2, 197
Let h be (-3)/(1 + (-2 - 0)). Let q(y) = -y**3 - 7*y**2 - 2*y - 8. Let x be q(-7). Suppose -31 = -3*z + r, z + h*r - x = -z. What are the prime factors of z?
3
What are the prime factors of ((-16)/6)/(-4)*396?
2, 3, 11
Suppose 0 = 5*y + 2*x - 1, 5*y + 19 - 5 = 3*x. List the prime factors of 5 + (-6)/2 - y.
3
Suppose 4*u - 3*u - 7 = 2*o, -3*u = -3. List the prime factors of 8/12 - 34/o.
2, 3
Suppose -z = -0*z + 8. Let v(f) = -2*f - 1. List the prime factors of v(z).
3, 5
Suppose 0 = -4*w - 3*o - 108 - 57, 43 = -w + o. Let c be (-12)/w + (-4)/14. Suppose 5*y - 5*p + 9 = 34, c = -y - 3*p + 1. List the prime factors of y.
2
Suppose -5*h + 4*m + 35 = -1, -16 = 4*m. What are the prime factors of h?
2
Let h = 175 + -143. List the prime factors of h.
2
Let a = 8 + -4. Suppose -10 - 2 = -a*t. What are the prime factors of t?
3
List the prime factors of (-64)/(-1) + -1 + 4.
67
Let p = 29 + 9. List the prime factors of p.
2, 19
Suppose 7*r + 21 - 56 = 0. Suppose -4*t = -r*y - 64 - 121, t = 5*y + 65. List the prime factors of t.
2, 5
Let z = 6 - 5. Let o be 3 - 1 - z - -1. Suppose o*d + 1 - 15 = 0. What are the prime factors of d?
7
Let q(x) = 2*x + 1. Let y(o) = 7*o + 4. Let a(v) = -9*q(v) + 2*y(v). List the prime factors of a(-6).
23
Let f(q) = 8*q**2 + q - 2. Let z be f(-2). Let k = z - 20. Let i = k + -3. What are the prime factors of i?
5
Suppose -2*a - 5*c + 4 = -0*c, 4*a + 2*c - 8 = 0. Suppose -z - 4 = -0*q + a*q, -3*q = 15. Suppose 5*k - z*k + 6 = 0. List the prime factors of k.
2, 3
Suppose -55 = -3*s + 2*s. List the prime factors of s.
5, 11
Let v be 3/(-15) + 68/(-10). Let i = 13 + v. List the prime factors of i.
2, 3
Let d(m) = -m**3 + 11*m**2 - 10*m. Let a be d(10). Let j be 13*(0 + 1 + a). Suppose 2*o = 3*o - j. What are the prime factors of o?
13
Suppose -20 = -5*p, -6*w + 12 = -4*w - 5*p. List the prime factors of w.
2
Let d(f) = -f**2 - f + 3. Let i be d(0). Suppose -6 = m + i*b, -2*m + 2*b - 7 = 7*b. List the prime factors of m.
3
Suppose 2*a = -3*a. Let g = a - 6. List the prime factors of 8/g*9/(-6).
2
Let b be (-4)/2 + (0 - -17). List the prime factors of (-20)/b*(-30)/4.
2, 5
Suppose -3*h + 12 = -6. Suppose -55 = -5*n + 5*d, 0 = -h*n + 2*n + 5*d + 49. List the prime factors of n.
2, 3
Let b(a) = 6*a - 3. Suppose 3*d = 4*d - 5*z + 